 -14*a**2 - 11*a + 11. Suppose -2*f - 5*v = -0*v - 15, -5 = -4*f - 5*v. Let d(u) = f*l(u) - 8*b(u). Determine d(2).
-9
Let z(g) = -2*g + 16. Let u be z(8). Suppose u*l + 3*d = -l + 6, 0 = -2*l + 5*d + 1. Let t(k) = 2*k - 1. Determine t(l).
5
Let c(a) = -a + 3*a + 3 + 0*a + a**2. What is c(-3)?
6
Let d(w) = w**2 + 7*w + 3. Let j(u) = u**3 - 11*u**2 + 12*u - 14. Let q be j(10). Suppose -q - 4 = -5*b. Suppose h + b*h + 18 = 0. What is d(h)?
-3
Suppose -g + 6*h = 3*h - 10, -g - 3*h = 2. Let w(v) = 4*v - 2. Calculate w(g).
14
Suppose 0 = -5*x + 54 - 29. Let z(a) = -a**2 + 5*a. What is z(x)?
0
Let d(p) be the third derivative of p**5/60 - p**4/24 - 4*p**3/3 - 9*p**2. Calculate d(0).
-8
Let t(w) be the second derivative of -w**7/840 + w**5/40 + w**4/12 - w**3/3 + w. Let x(u) be the second derivative of t(u). Suppose -7*y - 8 = -3*y. Give x(y).
4
Let d = -3 + 5. Let c(h) = -h + 9. Let n be c(5). Let b(q) = n*q - q**2 + 0*q - 1 + 1. What is b(d)?
4
Suppose p - 5 = -0*p. Let n(f) be the second derivative of -1/12*f**4 + f**2 - 2*f + f**3 + 0. Calculate n(p).
7
Let p(b) = -b - 5. Let l be 28/(-6) + 14/21. Give p(l).
-1
Let m(l) = -l + 6 - 12 + 10. Suppose -2*a + a - 2 = -3*o, 3*a = -2*o + 16. Let t be (-10)/(-4)*(o + 0). Give m(t).
-1
Let h(b) be the first derivative of b**5/30 - b**4/8 + 8*b**3/3 - 4. Let y(z) be the third derivative of h(z). What is y(2)?
5
Let t be 2/(1 + 45/(-27)). Let x(g) be the second derivative of -g**4/12 + 3*g**2/2 - g. Calculate x(t).
-6
Let h(f) = -3*f**2 + 2*f + 3. Let n(v) = 2*v**2 - 3*v - 4. Let u(m) = -4*h(m) - 3*n(m). Let w be (0 + 1)*4 + -2. Suppose 2*k + 0 = -w. What is u(k)?
5
Let t(l) = 5*l**3 + 25*l**2 + 5*l - 21. Let h(o) = -o**3 - 5*o**2 - o + 4. Let x(n) = -11*h(n) - 2*t(n). Give x(-4).
10
Let f(p) = -3*p**2 - 3*p + 2. Suppose -5*t - 7*t + 24 = 0. Determine f(t).
-16
Let t(r) = -23*r**2 + 22*r**2 + 3 - 1. What is t(2)?
-2
Let p(t) be the second derivative of t**3/3 - 5*t**2/2 + 5*t. Let k(s) = 6 - 2*s - 2*s + 2*s. Let y(h) = 3*k(h) + 4*p(h). Calculate y(3).
4
Suppose 3*i = -i + 2*n + 14, 3 = 3*i + n. Suppose -i*x = -3*x - 5. Let s(j) be the second derivative of -j**5/20 - 5*j**4/12 - j**3/6 + j. What is s(x)?
5
Let w(q) = -q**2 + 4*q. Suppose 2 = 3*p - 4. Suppose -c - 6*d + p*d + 19 = 0, 2*c - 2 = d. Calculate w(c).
3
Let a be -3 - 3*8/3. Let k be -2*(-3 - a/2). Let c(w) = -w**2 - 6*w. Determine c(k).
5
Let a(m) = m - 5. Let t(b) = -5*b**2 + 4. Let x be t(2). Let o = x + 16. Determine a(o).
-5
Let w(c) = 5*c**3 + 3*c**2 - 3*c - 9. Let h(u) = 4*u**3 + 2*u**2 - 3*u - 8. Let n(f) = 6*h(f) - 5*w(f). Suppose -5*o = 2*o + 14. Calculate n(o).
-1
Let o(l) = -l**2 - 5*l - 4. Let k be o(-5). Suppose 3*h + 6 = 5*h. Let b(z) = h*z + 3 + 0 + 1. What is b(k)?
-8
Let c be ((-1)/(-3))/(2/18). Let k(y) = 2*y**c - y**2 + y**3 + 6*y**2 - 4*y**3 - 2*y - 2. Give k(4).
6
Let r(x) = 129 + x**2 + 0*x**2 + 3*x**3 - 135 - 4*x**3. Calculate r(0).
-6
Let h(s) = 4*s + 2. Suppose 4*x = 0, 15 = -9*j + 4*j - 5*x. Give h(j).
-10
Let i(h) be the first derivative of -7*h**4/4 + h**3 - 9*h**2/2 - 9*h + 6. Let s(g) = 3*g**3 - 2*g**2 + 5*g + 5. Let n(z) = -4*i(z) - 9*s(z). Calculate n(-7).
5
Let d(k) = -6 - 4*k**2 - 8*k + 4*k + 3*k**2 + 2*k**2. Calculate d(5).
-1
Let f(j) = 12 + j**3 + 3*j**2 - 5 - j + 3*j**2. Determine f(-6).
13
Let k = -4 - -1. Let i(d) be the second derivative of -2*d - 1/20*d**5 + 0 - 1/6*d**4 + 1/3*d**3 + 1/2*d**2. Determine i(k).
4
Let w(m) = 3 + 4 + m - 1 + 3. Calculate w(-6).
3
Let v(k) = 5*k + 39. Let r(l) = -3*l - 20. Let o(h) = -7*r(h) - 4*v(h). Give o(7).
-9
Suppose t + x - 2*x + 1 = 0, -5 = t - 2*x. Let l(g) = 5*g**3 + 4*g**3 + g - 2*g**3 - t*g**3 - 2*g**2. Determine l(1).
3
Let c(s) = 2*s + 9*s - 2*s - 6*s. Calculate c(-2).
-6
Let s = -1 - -1. Let i(t) be the first derivative of t**5/60 + t**4/24 - 7*t**3/6 - t**2/2 + 1. Let z(g) be the second derivative of i(g). Determine z(s).
-7
Let g(i) = i + 3. Let v(u) = -3*u - 7. Let a(h) = 5*g(h) + 2*v(h). Let m be a(0). Let j(d) = -2*d**3 + d**2. What is j(m)?
-1
Let p be 28/6*18/12. Let l(n) = n**2 - 7*n + 1. Calculate l(p).
1
Let y = -2 - 0. Suppose -3*a + 3*p - p + 7 = 0, 0 = -2*a - p + 7. Let j(b) = 5*b**3 + 1 - 4*b**a + 2*b + 3*b**2 + 1. Calculate j(y).
2
Let z(g) = 0*g + g**3 + 5 - 5*g**2 - 4 + 6*g - g. Determine z(4).
5
Let p(f) = -540*f**2 - f**3 - 3*f + 270*f**2 + 265*f**2. Determine p(-4).
-4
Let j(h) be the first derivative of -h**2 + 7*h - 49. Give j(-5).
17
Let m(h) be the third derivative of h**6/120 + h**5/15 + h**4/12 + 19*h**2. What is m(-2)?
4
Let h(y) be the second derivative of -y**4/4 + 5*y**3/6 - y**2 + 15*y. Give h(3).
-14
Let v(c) = c**3 - 8*c**2 + 6*c + 7. Let m be v(7). Let y(a) = a**2 + 7. Give y(m).
7
Let z(l) = -3*l**3 - 6*l**2 + 6*l - 3. Let p(o) = o**3 + o**2 - o. Let h(b) = 4*p(b) + z(b). Calculate h(2).
1
Let o(t) be the third derivative of -t**5/60 - t**4/8 + t**3/3 - 51*t**2. Calculate o(2).
-8
Let w be (-1)/(-2)*14 + -1. Let r(u) = u + 2*u - 1 + w*u. Determine r(1).
8
Let n(u) be the first derivative of u**4/4 - 4*u**3/3 - 3*u**2/2 + 6*u + 8. Determine n(4).
-6
Let l(i) be the second derivative of 2*i**5/5 - i**3/6 - i. Suppose -1 = w, -5*a = -5*w - 3 - 32. Suppose -3 = -3*n + a*n. Determine l(n).
-7
Let s be ((-4)/(-3))/((-24)/36). Let f(i) = -2*i**2 - 2*i + 2. Calculate f(s).
-2
Suppose 2*b + 0*b = x + 11, -2*x - 4*b + 10 = 0. Let a(z) = z + 2. Give a(x).
-1
Let u(c) be the third derivative of -c**4/24 + c**3 - 7*c**2. Determine u(0).
6
Suppose 14*m - 1 + 29 = 0. Let z(v) = v**2 + v + 1. What is z(m)?
3
Let i(t) = t**2 + 7*t + 5. Let y be 215/(-45) - 6/27. Give i(y).
-5
Let x(n) be the first derivative of -n**3/3 + 7*n**2/2 + 5*n - 7. Determine x(4).
17
Let q be 516/108 - (14/18 - 1). Let r(p) = p**3 - 6*p**2 + 4*p + 2. Give r(q).
-3
Let b(c) be the first derivative of -c**5/20 - c**4/4 - c**3/6 + c**2/2 - 3*c + 3. Let i(t) be the first derivative of b(t). Give i(-2).
-1
Let g be (2/4)/((-1)/(-4)). Let c = 28 - 27. Let f(d) = -2 + c + 17*d - d**g - 14*d - 1. Determine f(2).
0
Let a be (1/(4/7))/((-4)/16). Let u(y) = y + 6. Determine u(a).
-1
Let v(b) = -b**3 + 4*b**2 + 2. Suppose -2*u + 0 - 18 = 2*m, 4*u - 4*m = -28. Let l(q) = -q**3 - 7*q**2 + 8*q + 4. Let r be l(u). Give v(r).
2
Suppose -22*j + 26*j = 24. Let p(f) = -2*f + 8. Give p(j).
-4
Let a(j) = 2*j**3 - 4*j**2 + 7*j + 3. Let r = 6 + -11. Let b(t) = -3*t**3 + 6*t**2 - 11*t - 5. Let z(p) = r*b(p) - 8*a(p). What is z(1)?
1
Let r be (-2 - -3)*(-8 + 1). Let a(g) = g**2 + 8*g + 8. What is a(r)?
1
Let q = 17 + -21. Let d(u) = -2*u - 6. What is d(q)?
2
Let h(p) = 0*p - 4*p + 0*p + 7*p. Determine h(1).
3
Let m(t) be the second derivative of -t**3/6 - 3*t**2/2 + 2*t. Let y = -1 + 1. Determine m(y).
-3
Let y(o) = 0*o**2 + o**2 - 21*o + 10*o + 3. Calculate y(11).
3
Let d(r) = -r**2 + 2*r - 4. Let u(n) = n**3 - 2. Let s be u(0). Let l(p) = 2*p**2 - 3*p + 4. Let a(t) = s*l(t) - 3*d(t). Determine a(-3).
-5
Let i(c) = c**3 - 5*c**2 + 6*c - 5. Let b(h) = -h**2 + 11*h + 2. Let w be b(11). Suppose w*n + 2 = -6, -24 = -4*r + 2*n. Calculate i(r).
3
Let z(k) = 2*k + 2. Suppose -4*c = -c. Let q be (-1 + 2)*(-3 - c). Give z(q).
-4
Let k(s) be the third derivative of 2*s**2 - 1/60*s**5 - 7/120*s**6 + 0 - 1/6*s**3 - 1/24*s**4 + 0*s. Let b(c) = c - 1. Let i be b(0). Determine k(i).
6
Let o(t) = 7*t - 2. Let s be (-1 - -5 - 2)/1. What is o(s)?
12
Let g(a) = 3*a. Let k(v) = -2*v + 15. Let t be k(10). Let b(n) = 7*n - 1. Let w(u) = t*g(u) + 2*b(u). What is w(-2)?
0
Let k(t) = -t**2 - 4*t + 1. Let j be k(-2). Suppose -2*d + q = -0*d - j, d + 15 = 4*q. Let m(z) = -z**3 + 5*z**2. Determine m(d).
0
Let g(w) be the first derivative of 1/2*w**2 + 0*w**3 - 1/4*w**4 - 2*w - 4. Determine g(0).
-2
Let o be (0/(-2))/(8/(-4)). Suppose 0*k + k - 2 = 0. Suppose o - k = -n. Let t(y) = -y**2 + 4*y - 3. What is t(n)?
1
Let d(i) = -i**3 - 7*i**2 - 9*i + 4. Let v be d(-3). Let f(x) be the first derivative of x**2/2 - 7*x + 1. Calculate f(v).
-12
Let i(l) be the first derivative of l**3/3 - 4*l**2 - 53. What is i(8)?
0
Let m = -53 - -51. Let f(i) be the second derivative of i**4/4 - i**2/2 - i. Give f(m).
11
Let g = -2 - -6. Let h(k) = -g + 2 - 3*k + 5*k + 0. Determine h(5).
8
Let r(u) = -3*u**3 - 4*u**2 + 4*u - 2. Let l(f) = 